 prime factors of n.
3, 17
Let d = 4 - 1. Suppose d*a - 5*a + 32 = 0. What are the prime factors of a?
2
Let h = 514 + -316. Let n = h + -88. Suppose 3*k + n = 5*j, 0*k - 85 = -5*j - 2*k. What are the prime factors of j?
19
Let x be -1 + (-2 + 1 - -2). Let p be 0 - (1 - (x - -1)). Let k = p - -2. List the prime factors of k.
2
Let s = 20 + -16. Suppose 2*u = s*o + 7*u - 81, 3*o - 4*u = 84. What are the prime factors of o?
2, 3
Let l be 3/(-3) + (4 - -1). Suppose 4*s - 2*d = 3 + 3, l*s = -3*d + 11. List the prime factors of s.
2
Suppose 0 = -5*s - 1 - 14. List the prime factors of (s + (5 - 3))*-13.
13
Let r = -3 - -8. Suppose 0 = -q + 4, -5*k + r = 3*q - 8*q. What are the prime factors of 45/(-6)*(-4)/k?
2, 3
Let x = 3 + 1. Suppose w - 3*w = -2*d + 6, -3*w = -x*d + 7. What are the prime factors of 5*2*d/(-2)?
2, 5
Suppose -d + 50 = -3*p, -d + 217 = 4*d - 4*p. What are the prime factors of d?
41
Let m = -32 - -12. Let g be (15/m)/((-2)/(-8)). What are the prime factors of 0 - 2 - 48/g?
2, 7
Let c(i) = i**3 - i**2 + 1. Let f = 0 + 2. Let b be c(f). Suppose -3*y - g = -0*g - 35, 0 = -4*y + b*g + 53. What are the prime factors of y?
2, 3
Let s be 2*(2 + 1 + -2). Let d be 74/26 + s/13. Suppose 0 = -3*k + 9 + d. What are the prime factors of k?
2
Suppose 0 = 3*h + 1 + 11. Let b = h - -2. List the prime factors of 2 + 7*(b + 3).
3
Let v = 58 - 30. What are the prime factors of v?
2, 7
Let i(y) = -y**3 - 7*y**2 - 1. Let o be i(-7). Let b(s) = -23*s - 1. What are the prime factors of b(o)?
2, 11
Let b(r) = 3*r**2 - 4*r - 7. Let j(n) = n + 5. Let t be j(0). Let a be b(t). Suppose a = -d + 5*d. What are the prime factors of d?
2, 3
Suppose -15 = -l + 6*l. Let p(c) = -c**3 - 2*c**2 + 2*c - 3. Let t be p(l). Suppose 2*b - 4*x = -12, b + 4*x + t*x - 24 = 0. What are the prime factors of b?
2
Suppose -5*k + 368 = 93. What are the prime factors of k?
5, 11
Suppose -g = -s + 62, 2*s - g - 55 = 72. What are the prime factors of s?
5, 13
Suppose o + 3*o - 124 = -3*c, 0 = 5*c - 2*o - 250. Suppose 4*q = -c - 24. Let f = -11 - q. List the prime factors of f.
7
Suppose -4*i - w = -975, -w + 190 = 3*i - 541. What are the prime factors of i?
2, 61
List the prime factors of (4 - (-7)/(-2))*188.
2, 47
Let i be (-3)/((-3)/(-7)) + -2. Suppose 5*m = 3*k - 16, -m + 4*m = 4*k - 14. What are the prime factors of i/6 + 23/k?
2, 5
Suppose -3*u + u + 4 = 0. Suppose -r = 5*w + 1, 3*r - 7*r + 32 = u*w. List the prime factors of r.
3
Let v(p) = 2*p**2 + 3*p + 3. Let z be v(-3). Suppose j + j = 2*a - 12, 5*j - z = -2*a. Suppose -y + 4*y = a, -5*m + 15 = -5*y. What are the prime factors of m?
5
Let w(u) = u**3 + 3*u**2 - 4. List the prime factors of w(3).
2, 5
Suppose -3*u - 2 + 11 = 0. Let f = u - -9. List the prime factors of f.
2, 3
Let l = 9 + -3. Let q = 0 + l. Suppose -3*a + q = -24. List the prime factors of a.
2, 5
Let l = 31 + -23. What are the prime factors of l?
2
List the prime factors of 52*(6/4 + -1).
2, 13
What are the prime factors of (20 - 1)/(7/14)?
2, 19
Suppose 0 = -2*c + 2 + 2. List the prime factors of 11 + 1*(c - 3).
2, 5
Let k be 100/12 + 3/(-9). List the prime factors of (9 + -1)*4/k.
2
Suppose -5*p = 2*j - 606, 3*j - 8*j + 495 = 4*p. List the prime factors of p.
2, 3, 5
Let c(s) be the second derivative of s**4/4 - s**3/3 + s**2 - 4*s. What are the prime factors of c(2)?
2, 5
Let f = 290 + -23. What are the prime factors of f?
3, 89
Suppose -d = -2*d - 2*j + 3, -2*j - 25 = -3*d. Suppose -3*l = -7*l + 5*b + d, -1 = l - 4*b. Suppose l*p = p + 22. What are the prime factors of p?
11
Suppose -4*l = -1 + 5. What are the prime factors of (l + 0)*-9 + 1?
2, 5
Let o = 1 + -4. Let t be -2*(-1 + o/2). Suppose -t*y - i = -110, -y + i - 26 = -2*y. List the prime factors of y.
3, 7
Suppose c = -y - c + 4, 0 = -4*c + 4. Let v(o) = -7*o**2 - 4 - 3*o + 8*o**y - 2. What are the prime factors of v(6)?
2, 3
Let u = -67 + 97. Let d = u + -19. Suppose -5*z + d = -54. What are the prime factors of z?
13
Let b = 18 + 10. What are the prime factors of b?
2, 7
Suppose 3*x = -16 + 19. List the prime factors of x*(-232)/(-4) - 3.
5, 11
Suppose 0 = 4*z - 4 - 4. List the prime factors of -2 - ((-96)/3)/z.
2, 7
Let c = -121 - -153. What are the prime factors of c?
2
Let i = -2 - -5. Let z be ((-1)/3)/((-5)/(-15)). List the prime factors of z/(129/(-42) + i).
2, 7
Let l(r) = -r**3 + 4*r**2 + 2*r - 3. Suppose 23 = -f - 0*f - 5*z, -4*f + 13 = -z. List the prime factors of l(f).
3
Let y(u) = -3*u - 5. What are the prime factors of y(-10)?
5
Let x(s) = 31*s**2 - 6*s + 2. List the prime factors of x(2).
2, 3, 19
Suppose -2*i - 23 = -3*b, -5*b + 8*b - 5*i = 35. Suppose -t = -2*l + 3, -4*l + 21 = 2*t - b. List the prime factors of t.
5
Suppose -3*k - 2*t + 384 = t, -3*t = -3*k + 372. List the prime factors of k.
2, 3, 7
Suppose 0 = -l + 2*l. Let k(c) = c**3 + c**2 + c + 18. List the prime factors of k(l).
2, 3
Let m(l) = -2*l**2 + 30*l - 6. What are the prime factors of m(14)?
2, 11
Suppose -8 + 18 = p. Suppose -2*w + p = w + 4*k, 5*w = -4*k + 22. List the prime factors of w.
2, 3
Suppose -2*n + 262 = l, 2*n - 534 = -10*l + 8*l. List the prime factors of l.
2, 17
Let i(n) = 30*n**2 + n - 1. Let j be i(1). Let d = j - 10. List the prime factors of d.
2, 5
Let j = 41 - 29. Let l be (-34)/4 - 21/(-14). Let v = l + j. What are the prime factors of v?
5
Let r(k) = 62*k + 21. List the prime factors of r(3).
3, 23
Let j(b) = -16*b + 7*b + 19 + 7*b. What are the prime factors of j(0)?
19
Let i be ((-68)/(-10))/((-2)/(-5)). Let n be i + 0 + 2 + 2. Suppose 8 + 4 = k + h, -4*k + 5*h + n = 0. What are the prime factors of k?
3
Let m(x) = 4 - 2 + 0*x**2 - x**2 - 6*x**2 - x**3 - 7*x. Let p(j) = -j - 1. Let n be p(5). What are the prime factors of m(n)?
2
Let l = -40 - -82. List the prime factors of l.
2, 3, 7
Suppose -j = -4*l + 7 + 5, -5*j - 3*l + 32 = 0. Let k = 13 - 4. Let b = k - j. What are the prime factors of b?
5
Let a = -3 - -8. Suppose 3*t + 8 = -6*c + c, -a*t = -c - 24. What are the prime factors of t?
2
Let n = -85 - -140. What are the prime factors of n?
5, 11
Suppose 4*g - 4*y + 47 = -49, -3*y - 28 = g. Let b = 36 + g. What are the prime factors of b?
11
Suppose -3*n + 5*n = 2. What are the prime factors of (0 + n)/(-2)*-38?
19
Let h(u) = -u**2 - 8*u - 7. Let y be h(-9). Let l = -5 - y. What are the prime factors of l?
11
Suppose 4*k - 3*o = -0*o + 1703, 3*o = -k + 407. List the prime factors of k.
2, 211
Let b be ((-6)/(-18))/(2/36). Suppose -f = -5*r + 3, r + b = 4*f - r. Suppose d - 18 = -f*d. What are the prime factors of d?
2, 3
Suppose 4*m - 679 = 2*h + 23, 342 = 2*m + 2*h. List the prime factors of m.
2, 3, 29
Let w(f) = -f**2 - 6*f - 2. Let b be w(-6). Let c be (-4)/8*(b - 2). What are the prime factors of ((-19)/(-2))/(c/4)?
19
Let z(h) = 12*h - 7. List the prime factors of z(2).
17
Let k(c) = -c**3 - 6*c**2 + 7*c - 2. Let j be k(-7). What are the prime factors of 1/j*8/(-2)?
2
Let n = 121 + -65. Suppose 0 = -4*v + 2*m + n, 0 = -4*v - 0*v + 4*m + 48. List the prime factors of v.
2
Let w = -6 - -4. What are the prime factors of (w - 3*-2) + 3?
7
Let l = -8 + 8. Let t(x) = -x**3 - x - 1. Let u be t(l). List the prime factors of (-159)/(-12) - u/(-4).
13
Suppose 0 = -16*g + 8870 - 1606. What are the prime factors of g?
2, 227
Let t(g) = -g**2 + 6*g + 3. Let b = 45 - 29. Let c = b - 10. List the prime factors of t(c).
3
Suppose -4*m - h - h + 458 = 0, 2*m - 244 = 2*h. List the prime factors of m.
3, 13
Let o(a) = -a**3 + 2 - a**2 + 0*a**3 - a + 2*a**3. Let p be o(2). Suppose -p*k + 9 + 19 = 0. List the prime factors of k.
7
Let n(k) be the third derivative of k**6/120 - k**5/20 - k**4/4 + 7*k**3/6 - 2*k**2. Let c be n(5). Let u = c - 17. What are the prime factors of u?
2, 5
Let q = -47 + 103. What are the prime factors of q?
2, 7
Let r = 0 + -3. What are the prime factors of 5*2*r/(-6)?
5
Suppose 6*y + 45 = y. What are the prime factors of ((-48)/20)/(y/30)?
2
List the prime factors of 22 + 2 + 0 + 0.
2, 3
Let y = -4 + 5. Let d = 4 - y. Suppose 5 = 2*n - l, -8 = d*n - 6*n + 2*l. List the prime factors of n.
2
Suppose -68 = -22*t + 18*t. List the prime factors of t.
17
Let r(c) = c**2 - 6*c - 9. What are the prime factors of r(-11)?
2, 89
Suppose u - 444 = -q - 4*u, -q = 2*u - 444. Wha